16 = 3*n. Suppose g = 5*m + 77, 0*g + 3*g = -i*m - 69. Let c = 13 - m. List the prime factors of c.
2, 7
Let k = -324 + 1038. What are the prime factors of k?
2, 3, 7, 17
Let y = 19 - 10. Let w = y - 9. Suppose w = -d - 5*c + 29, -2*d + c - 3*c + 18 = 0. What are the prime factors of d?
2
Let z(y) = -8*y - 29. Let l be z(-5). Let g(j) = 34*j - 76. What are the prime factors of g(l)?
2, 149
Suppose -21*b = -1657 - 800. List the prime factors of b.
3, 13
Suppose 0 = -2*v + 3*z - 553, 5*z + 0*z = -3*v - 820. Let t = -195 - v. What are the prime factors of t?
2, 5
Let c = 20 + -41. List the prime factors of (-2163)/(-49) + 3/c.
2, 11
Let h = 105 + -88. Suppose -h*f + 1408 = -173. List the prime factors of f.
3, 31
Suppose -24 = -5*l - 5*m + 16, -3*m - 11 = -4*l. Suppose 8 + 7 = l*u. Suppose 2*b + a = b + 9, u*b = 2*a + 37. What are the prime factors of b?
11
Let k be 1*(2 - 2)/1. Suppose -13 = -3*d - a, 2*a + 4 = -k. Suppose -2*t + 63 = -u - 74, 4*u + 335 = d*t. List the prime factors of t.
71
Suppose k + 8 = -7*k. List the prime factors of ((-6)/5)/(k + 296/300).
2, 3, 5
Let z = -7 - -30. Let k(c) = z + 15 - 6 + c. List the prime factors of k(-12).
2, 5
Suppose 0 = -4*c - 2*u + 3154, u - 3*u = -4*c + 3166. Suppose 59*q = 54*q + c. List the prime factors of q.
2, 79
Let r = -169 - -702. List the prime factors of r.
13, 41
Suppose -3*o - n = -245, -4*o + 0*n - 2*n = -330. Let a = o - 36. What are the prime factors of a?
2, 11
Let x(d) = -15*d - 1. Let l be x(-1). Let v = -14 + l. Let q = v + 11. What are the prime factors of q?
11
Let p(w) be the second derivative of 15*w**3/2 - 5*w**2 + 15*w. List the prime factors of p(3).
5
Let h(q) = 52*q**2 - 2*q - 1. Let d be h(1). Suppose -5*x + 91 = -d. List the prime factors of x.
2, 7
Let q(a) = a**3 + 17*a**2 - 64*a + 44. List the prime factors of q(-15).
2, 727
Let m(u) = -u**3 + 51*u**2 - 25*u + 201. List the prime factors of m(50).
1451
Suppose -2860 = -4*r - 2*u + 6*u, 5*r = -5*u + 3625. What are the prime factors of r?
2, 3, 5
Let j(b) = b**2 + 5*b + 7. Let r be j(-7). Let h = 86 + -48. Let u = h - r. What are the prime factors of u?
17
Let h = -80 + 97. Suppose -19*p = -h*p - 280. What are the prime factors of p?
2, 5, 7
Suppose 6*r - 166 - 848 = 0. Let x = 250 - r. What are the prime factors of x?
3
Let w(v) = 2*v**3 + 40*v**2 + 29*v - 61. List the prime factors of w(-19).
2, 5, 11
Let t = 39 + -21. Let w = t + -16. Suppose -3*h + 26 = -4*l, -w*h - 2*h + 3*l = -44. What are the prime factors of h?
2, 7
Let u = 18 + -13. Let p(h) = -2*h + 7. Let g be p(u). Let t = 11 - g. List the prime factors of t.
2, 7
Suppose 3*h + 38 = 236. List the prime factors of h.
2, 3, 11
Let s = -6 - -13. Let k = 1 + s. Let v(y) = -y**2 + 11*y - 5. What are the prime factors of v(k)?
19
Let v = -865 - -233. What are the prime factors of (1/(10/v))/(1/(-5))?
2, 79
Suppose 4*h - 1785 = 3*p + 1629, 2*h = 5*p + 1700. What are the prime factors of h?
3, 5, 19
What are the prime factors of 58384/30 + 6/(-45)?
2, 7, 139
Let p(h) = 2*h**3 - 2*h**2 + 2*h + 666. What are the prime factors of p(0)?
2, 3, 37
Let b be ((-40)/6)/(8/(-12)). Suppose -h = h - b. Suppose -8 + 153 = h*g. List the prime factors of g.
29
Let k(q) = q**2 + 8*q - 18. Let a be k(-10). Suppose -a*x + 20 = -4*z, -4*z = x - 0*x + 14. What are the prime factors of x?
2
Let k(g) = -g**3 - 5*g**2 + 5*g + 7. Let x(d) = -d**3 - 2*d**2 + 2*d + 3. Let u(p) = -2*k(p) + 5*x(p). What are the prime factors of u(-1)?
2
Let m(r) = 21*r**3 + 3*r**2 + 3*r + 3. Let k be m(-2). Let o = k + 29. Let q = 190 + o. List the prime factors of q.
2, 3, 5
Suppose 0*v + 1350 = 3*v. List the prime factors of v.
2, 3, 5
Let w(d) = 270*d - 1098. List the prime factors of w(15).
2, 3, 41
Suppose o + 1593 = 1888. List the prime factors of o.
5, 59
Let i = 9 + -21. What are the prime factors of (4/2 - -1)*(-112)/i?
2, 7
Suppose -2*f + 25*x - 21*x = -6556, 5*f + 5*x = 16405. Let z be 1 - (-1)/(0 - -1). What are the prime factors of z/10 + f/100?
3, 11
Suppose -2*v + 0*p + 2368 = -3*p, 0 = 4*v + 5*p - 4780. What are the prime factors of v?
2, 5, 7, 17
Suppose -204 + 657 = w + 3*r, 1756 = 4*w - 2*r. What are the prime factors of w?
3, 7
Let u be (1/(-3))/((-7)/651). Suppose 5*h - n - 17 = 0, -5*n = -0*h + 4*h - u. Suppose 4*c - 3*k = 27, -4*c - 6 - 2 = h*k. What are the prime factors of c?
3
Let g = -15 + 85. Suppose 3*x - 236 = g. List the prime factors of x.
2, 3, 17
Suppose -c = -4*c - 120. Let z = -13 - c. List the prime factors of z.
3
Let j(q) = -2*q**2 - q + 18. Let w be j(8). Let i = w + 252. List the prime factors of i.
2, 67
Suppose -2*p - 274 - 142 = 0. List the prime factors of ((-12)/(-8))/((-6)/p).
2, 13
Let j be 3/(-3)*(0 - -4). Let k(f) = 6*f**2 + 3*f - 6. List the prime factors of k(j).
2, 3, 13
Suppose 0 = -3*w - 2*w. Suppose -l - 12 = -b, 5*b + 5*l - 80 = -w*l. Let p = 4 + b. What are the prime factors of p?
2, 3
Let a(q) be the second derivative of 32*q**4/3 + q**3/6 - q**2/2 + 25*q. List the prime factors of a(1).
2
Let t be 2 + -3 + (3 - -2). Suppose 7*h - t*h = 90. List the prime factors of h.
2, 3, 5
Let p(r) be the first derivative of -r**4/4 + 3*r**3 - 5*r**2 + 2*r + 2. Let f(n) = 2*n**2 - 11. Let i be f(3). What are the prime factors of p(i)?
2, 3, 5
Let t = 37 - 28. What are the prime factors of 570/t - 2/6?
3, 7
Suppose -6*n = -2704 - 290. What are the prime factors of n?
499
Suppose 3*g + 5*k - 1180 = 0, 4*k = -5*g - k + 1950. Let c = -221 + g. What are the prime factors of c?
2, 41
Suppose -144 = -6*a + 9*a. Let p be 1/5 - a/10. Suppose 0 = p*w + 3*y - 82, -5*w + 0*y = 4*y - 81. List the prime factors of w.
17
Suppose 8*i = 6*i + 6. Suppose 0 = -i*f + 6 + 63. List the prime factors of f.
23
Suppose 0 = 2*x - d - 4520, -13*d + 8*d = 10. What are the prime factors of x?
3, 251
Suppose 2*s = 129 + 277. List the prime factors of s.
7, 29
Let g be (-2104)/(-44) - (-2)/11. Suppose 7*a = 4*a - g. Let w = a + 23. List the prime factors of w.
7
Let w be (-12)/60 - 9/5. Let j = w - -77. What are the prime factors of j?
3, 5
Let x(y) = -y**3 + 8*y - 15. Let f be x(5). Let a = 142 + f. What are the prime factors of a?
2, 3, 7
Let r(x) = 645*x**3 + 2*x**2 + 3*x - 5. List the prime factors of r(1).
3, 5, 43
Suppose -4*f + 3*f = -13. Let q = 17 - f. Suppose o + 0*b = q*b + 18, -4*o = -5*b - 94. What are the prime factors of o?
2, 13
Suppose -82 - 362 = -6*n. What are the prime factors of n?
2, 37
Let z = -60 - 81. Let a = 369 + z. List the prime factors of a.
2, 3, 19
Let y(g) = -345*g + 195. What are the prime factors of y(-7)?
2, 3, 5, 29
List the prime factors of (-12)/(-20) - 474/(-10).
2, 3
Let j(s) = 5*s - 3. Let n be j(7). Let x = 74 + n. What are the prime factors of x?
2, 53
Let w = 291 + 671. List the prime factors of w.
2, 13, 37
Let t = 1574 + -995. Suppose t = -14*k + 17*k. List the prime factors of k.
193
Let t be (-6)/21 + 4 + (-48)/28. Suppose -t*n = -4*n + 108. List the prime factors of n.
2, 3
Let o(f) = f**2 - 9*f + 10. Let j be o(8). Let k = 9 + j. What are the prime factors of (-6)/(-1 + 9/k)?
3, 11
Suppose -m + 2*o + 3*o + 367 = 0, o = 2*m - 716. List the prime factors of m.
3, 7, 17
Let g(c) = -17*c**3 + c**2 + 6*c - 1. Let w(n) = -34*n**3 + 2*n**2 + 13*n - 2. Let j(k) = 7*g(k) - 3*w(k). List the prime factors of j(-2).
7, 19
Suppose 4*r + 4*n = 32, 2*n - 3*n = -r + 6. Let z(v) = 14*v - 17. What are the prime factors of z(r)?
3
Let j = 23 + 8. Suppose -j*f = -33*f + 32. List the prime factors of f.
2
Let k(b) = -b**2 + 8*b - 7. Suppose 2*z = -4*z + 36. What are the prime factors of k(z)?
5
Suppose -f = 3*v - 17, 2*f - 3*v = 16 - 0. Let i(g) = g - 6. Let a be i(f). Suppose -y + a*x + 42 = 0, -2 + 7 = -x. List the prime factors of y.
17
Let t(w) = -40*w - 37. Let s be t(-17). Let o = s - 404. List the prime factors of o.
239
Let z(p) = 5*p + 2. Let s = 31 + -27. Let w be z(s). What are the prime factors of ((-36)/(-24))/(1/w)?
3, 11
Suppose 0 = -q - 3*q - 52. Let c(w) = w**2 + 14*w + 11. Let y be c(q). List the prime factors of (-2 - -33)*(-2)/y.
31
Suppose -492 = -8*d + 4*d. Let y = 228 - d. List the prime factors of y.
3, 5, 7
Let o = -107 - -107. Suppose o*i + 4*t = 3*i - 303, 404 = 4*i + 3*t. List the prime factors of i.
101
Suppose 4*q + 1 = 9. Suppose